 104. What is y(22)?
-6
Let i(m) = -m**3 + 10*m**2 - 8*m - 12. Give i(9).
-3
Let x(u) = 14*u**2 + 46*u - 3. Determine x(-3).
-15
Let y(p) = p**3 + 6*p**2 + 18*p + 33. Determine y(-4).
-7
Let q(i) = -i**3 + 2*i**2 + 31*i - 4. Calculate q(6).
38
Let f(t) = 26*t + 336. What is f(-13)?
-2
Let q(a) = a - 5. Give q(5).
0
Let f(o) = -o**3 - 8*o**2 + 3*o - 5. What is f(-8)?
-29
Let s(u) = -7*u. What is s(2)?
-14
Let w(q) = -2*q - 24. Give w(0).
-24
Let x(i) = 21*i + 140. Determine x(-7).
-7
Let q(z) = z**3 - 5*z**2 + 2*z + 14. What is q(4)?
6
Let x(o) = o**3 - 18*o**2 + 73*o - 2. What is x(6)?
4
Let a(p) = -p**2 - 8*p + 42. What is a(-8)?
42
Let d(v) = 2*v**3 + 3*v**2 + 2*v. What is d(-2)?
-8
Let t(u) = u**2 + 5*u + 2. Determine t(-6).
8
Let a(i) = i + 7. Give a(-3).
4
Let o(m) = -2*m**2 - 8*m - 3. Give o(-5).
-13
Let o(m) = m**3 - 8*m**2 - 8*m + 16. Determine o(7).
-89
Let g(z) = -z**3 + 7*z**2 + z - 7. What is g(7)?
0
Let z(o) = -o**2 - 7*o + 25. Give z(4).
-19
Let z(w) = 2*w**2 - 4*w - 10. Calculate z(5).
20
Let k(r) = -r**2 - 16*r - 42. Determine k(-4).
6
Let o(x) = 2*x**2 + 7*x + 6. Determine o(-3).
3
Let l(s) = -77*s**3 + 2*s**2 - 1. What is l(1)?
-76
Let v(n) = -n**2 + 18*n - 45. What is v(14)?
11
Let w(t) = 3*t - 22. Give w(16).
26
Let w(n) = -n**2 - 12*n - 12. Calculate w(-14).
-40
Let w(o) = o**2 - 11*o + 10. Determine w(11).
10
Let x(s) = 5*s**2 - 8. What is x(4)?
72
Let a(m) = m**3 - 3*m**2 + 6*m - 8. Give a(4).
32
Let a(o) = 2*o + 2. Calculate a(2).
6
Let n(d) = -3*d + 9. Determine n(7).
-12
Let z(y) = 2*y**3 - 19*y**2 + 33*y + 8. Calculate z(7).
-6
Let v(c) = c**2 - 4*c - 5. Calculate v(7).
16
Let y(s) = 5*s + 21. Calculate y(-4).
1
Let x(a) = -a**3 - 15*a**2 - 17*a + 2. Calculate x(-14).
44
Let r(b) = b**3 - 9*b**2 + 10*b - 1. Calculate r(8).
15
Let q(d) = d**2 - 11*d - 16. Calculate q(13).
10
Let z(n) = -n**3 - 4*n**2 + 3*n - 1. What is z(-4)?
-13
Let h(q) = 34*q**3 + q. Calculate h(1).
35
Let h(c) = 2*c + 78. Give h(-37).
4
Let s(f) = -17*f + 518. What is s(30)?
8
Let v(l) = 3*l + 10. What is v(-7)?
-11
Let b(y) = -2*y - 4. Calculate b(-7).
10
Let h(w) = -2*w**2 - 22*w + 35. Calculate h(-12).
11
Let n(c) = -3*c + 44. Give n(13).
5
Let k(v) = -2*v + 41. What is k(14)?
13
Let u(h) = -h**2 - 9*h - 6. Determine u(-11).
-28
Let r(n) = -n**3 - 9*n**2 - 7*n - 8. Calculate r(-8).
-16
Let g(q) = q - 18. Give g(10).
-8
Let k(t) = -2*t**3 + 24*t**2 - 2*t + 18. Give k(12).
-6
Let v(b) = 2*b**3 + 2*b**2 - 1. Give v(-1).
-1
Let h(s) = s - 20. What is h(0)?
-20
Let p(x) = -3*x - 7. Determine p(-3).
2
Let k(a) = -a**3 - 9*a**2 + 8*a - 24. Determine k(-10).
-4
Let o(t) = -4*t + 6. Calculate o(5).
-14
Let z(y) = y**2 + 19*y - 34. What is z(-21)?
8
Let c(n) = n**3 + 2*n**2 + 2. Give c(-2).
2
Let g(f) = 10*f. What is g(2)?
20
Let w(i) = -i**2 - 6*i + 6. Determine w(-3).
15
Let q(d) = 7*d**3 + 42*d**2 - 4*d - 14. What is q(-6)?
10
Let c(x) = -x**3 - 9*x**2 - 3*x + 2. Give c(-8).
-38
Let x(v) = v**3 - 15*v**2 + 16*v + 2. What is x(14)?
30
Let t(c) = c**2 - 20*c - 92. Give t(24).
4
Let x(z) = 2*z**2 + z - 5. Determine x(0).
-5
Let c(m) = m**2 - 42*m - 281. What is c(48)?
7
Let w(t) = -t**3 - 38*t**2 - 193*t - 40. What is w(-32)?
-8
Let a(z) = -z**3 + 16*z**2 - 6*z - 19. Calculate a(15).
116
Let y(m) = m**3 - 59*m**2 + 171*m - 163. Calculate y(56).
5
Let u(k) = -3*k + 20. What is u(5)?
5
Let c(s) = -s**3 - s**2 - 2*s. Give c(-3).
24
Let b(i) = -i**3 - 28*i**2 - 2*i - 73. Calculate b(-28).
-17
Let m(a) = -2*a**2 - 9*a + 1. Determine m(-4).
5
Let l(x) = 102*x + 302. What is l(-3)?
-4
Let s(o) = -o**3 + 3*o**2 - 4*o + 3. What is s(4)?
-29
Let r(k) = -k**3 + 10*k**2 - 5*k - 31. What is r(9)?
5
Let y(m) = 3*m**3 + 14*m**2 + 3*m + 35. Give y(-5).
-5
Let q(t) = -t**3 + 5*t**2 - 4*t - 9. What is q(4)?
-9
Let b(l) = l**2 - 3*l - 926. Give b(-29).
2
Let g(q) = -q**3 + q**2 + 2*q + 1. What is g(3)?
-11
Let s(w) = -15*w - 61. Determine s(-5).
14
Let y(j) = j**2 - 5*j - 5. What is y(5)?
-5
Let t(o) = -6*o + 2. What is t(4)?
-22
Let v(r) = 5*r - 4. Give v(6).
26
Let m(r) = -r**3 - 9*r**2 - 7*r - 5. Determine m(-6).
-71
Let o(v) = v**3 + 13*v**2 - 16*v + 7. What is o(-14)?
35
Let s(v) = -4*v - 87. Give s(-12).
-39
Let i(u) = -8*u**2 - 2*u. Calculate i(2).
-36
Let k(r) = -r - 13. Determine k(-10).
-3
Let u(h) = 7*h. Give u(3).
21
Let m(d) = -d**2 - 5*d - 23. Give m(-5).
-23
Let w(i) = -i. Give w(-8).
8
Let m(k) = k**3 - 4*k**2 + k + 8. Determine m(5).
38
Let a(b) = -105*b**2 + 6*b + 6. Give a(-1).
-105
Let g(f) = -f**3 + 5*f**2 + 11*f - 37. What is g(6)?
-7
Let l(k) = -k**3 - 2*k + 30. Give l(0).
30
Let w(o) = -o**2 - 48*o - 223. Give w(-43).
-8
Let k(v) = 28*v - 27. Determine k(-3).
-111
Let o(h) = h**2 - 63. What is o(8)?
1
Let j(y) = 5*y + 7. Give j(-6).
-23
Let l(r) = -27*r**2 - 2*r - 1. What is l(-1)?
-26
Let w(c) = c**2 + 30*c - 108. Give w(-33).
-9
Let s(j) = j - 18. Calculate s(-5).
-23
Let z(a) = -a**3 - 6*a**2 - 4*a. Give z(-2).
-8
Let d(f) = -f**3 + 9*f**2 + 24*f + 11. What is d(11)?
33
Let c(n) = 17*n - 38. Give c(10).
132
Let v(o) = o**3 + 9*o**2 + 10*o + 10. Determine v(-7).
38
Let m(i) = i**3 - 8*i**2 + i - 3. Calculate m(7).
-45
Let p(x) = 30*x**3 - 2*x**2 + x. What is p(1)?
29
Let k(b) = -13*b**2 + 21*b - 1. Determine k(2).
-11
Let g(h) = -h - 25. What is g(-10)?
-15
Let q(b) = -b**2 + 5*b + 12. What is q(5)?
12
Let f(v) = v**3 - 13*v**2 - 13*v - 12. Calculate f(14).
2
Let j(m) = 3*m**3 - 153*m**2 - m + 40. Give j(51).
-11
Let x(c) = -c**3 + 2*c - 1. Determine x(0).
-1
Let r(p) = -p**3 + 7*p**2 + 6*p + 21. What is r(8)?
5
Let o(j) = -j**3 - 2*j**2 + 3*j - 2. What is o(-6)?
124
Let u(n) = -2*n - 7. Calculate u(-7).
7
Let h(t) = t**2 + t - 1. What is h(2)?
5
Let r(x) = -2*x**2 + 4*x - 3. Calculate r(2).
-3
Let x(v) = v**3 - 15*v**2 + 15*v + 5. Determine x(14).
19
Let k(p) = -p**3 + 5*p**2 - 5*p + 2. Calculate k(4).
-2
Let w(x) = -2*x + 19. Determine w(9).
1
Let a(z) = -z - 43. Calculate a(5).
-48
Let s(v) = v**3 + 17*v**2 - 56*v + 58. Determine s(-20).
-22
Let t(j) = -2*j - 42. Give t(-16).
-10
Let k(y) = -3*y**2 + y + 1. Give k(-1).
-3
Let b(f) = f**3 + 21*f**2 + 19*f - 11. Calculate b(-20).
9
Let x(o) = -2*o**2 + 63*o + 39. Calculate x(32).
7
Let b(m) = -m**3 - 13*m**2 + 51*m + 6. Calculate b(-16).
-42
Let g(w) = -w**2 + 12*w - 38. What is g(5)?
-3
Let f(o) = o**3 + o**2 - o + 3. Calculate f(0).
3
Let k(h) = h**2 - 2*h + 1. What is k(2)?
1
Let r(m) = -m**3 + m**2 + 2*m - 7. Determine r(0).
-7
Let i(z) = 9*z - 19. Determine i(8).
53
Let k(c) = -11*c**3 - 5*c**2 + 5*c - 1. Calculate k(1).
-12
Let t(p) = -5*p - 7. Give t(-6).
23
Let i(p) = 2*p + 12. Calculate i(-3).
6
Let m(h) = -h + 5. What is m(-5)?
10
Let r(x) = x**2 + x - 16. Give r(-4).
-4
Let p(o) = 3*o + 3. Determine p(-1).
0
Let s(c) = c**3 - 2*c**2 - 5*c - 3. What is s(4)?
9
Let u(i) = -i**3 - 14*i**2 + 5*i + 73. Calculate u(-14).
3
Let v(a) = a**3 - 6*a**2 + 7*a. Give v(4).
-4
Let q(k) = k**2 - 6*k + 6. Calculate q(4).
-2
Let c(u) = -11*u - 7. What is c(3)?
-40
Let z(k) = k**3 - 5*k**2 - 2. Determine z(5).
-2
Let v(q) = q**2 + 19*q - 1. Give v(-7).
-85
Let c(y) = y**2 + 20*y + 22. What is c(-19)?
3
Let p(b) = 50*b**3 - b. Calculate p(1).
49
Let g(r) = 3*r - 3. Calculate g(-3).
-12
Let z(l) = -8*l**2 - 15*l - 29. Give z(-2).
-31
Let x(d) = d**3 - 9*d**2 + 5*d - 12. What is x(8)?
-36
Let b(p) = p**3 + 9*p**2 + 18*p + 4. Give b(-6).
4
Let s(b) = b**3 - 8*b**2 + 11*b - 29. Give s(7).
-1
Let x(z) = -z**3 + 5*z**2 - z + 10. Calculate x(5).
5
Let r(f) = 37*f + 348. Determine r(-9).
15
Let b(h) = h**3 - 2*h**2 - 3*h + 5. Give b(2).
-1
Let o(q) = q**2 - 4*q - 5. Determine o(-5).
40
Let x(s) = s**3 + 3*s**2 + 2*s. What is x(-3)?
-6
Let v(b) = -9*b + 10. Give v(5).
-35
Let q(o) = 2*o + 9. Determine q(-4).
1
Let m(d) = 2*d**2 + d - 2. What is m(-4)?
26
Let t(y) = -19*y - 1439. Calculate t(-76).
5
Let o(i) = i + 4. Determine o(0).
4
Let y(m) = -m**2 + 23*m + 351. Calculate y(-11).
-23
Let a(f) = f + 2. Calculate a(4).
6
Let m(k) = -k**2 + 7*k + 6. What is m(8)?
-2
Let j(k) = k**3 - 7*k**2 - 65*k + 460. What is j(8)?
4
Let p(o) = o**2 + 11*o + 1. Calculate p(0).
1
Let a(h) = -h**2 - 4*h + 10. Give a(-6).
-2
Let t(s) = s**2 + s + 1. Determine t(-1).
1
Let y(j) = -j**2 + 6*j + 1. What is y(6)?
1
Let n(x) = 3*x 